hen 15811381 is divided by 15811379.
2
Calculate the remainder when 714093 is divided by 3881.
3870
What is the remainder when 230648 is divided by 8540?
68
Calculate the remainder when 1598968 is divided by 179.
140
What is the remainder when 88700 is divided by 470?
340
What is the remainder when 470801 is divided by 508?
393
Calculate the remainder when 2043606 is divided by 1270.
176
Calculate the remainder when 38871255 is divided by 20.
15
What is the remainder when 263396 is divided by 121?
100
Calculate the remainder when 3441845 is divided by 617.
219
Calculate the remainder when 4400450 is divided by 4036.
1210
Calculate the remainder when 163615 is divided by 611.
478
What is the remainder when 5650936 is divided by 30711?
112
Calculate the remainder when 11396385 is divided by 3289.
0
What is the remainder when 938977 is divided by 72?
25
What is the remainder when 23129494 is divided by 1541966?
4
Calculate the remainder when 276507 is divided by 3006.
2961
What is the remainder when 711032 is divided by 355474?
84
Calculate the remainder when 5810960 is divided by 726353.
136
What is the remainder when 23356393 is divided by 51788?
5
Calculate the remainder when 45234 is divided by 6374.
616
Calculate the remainder when 778381 is divided by 389183.
15
Calculate the remainder when 4109294 is divided by 206.
6
Calculate the remainder when 81704958 is divided by 1256999.
23
What is the remainder when 15683 is divided by 15005?
678
What is the remainder when 15809387 is divided by 10?
7
Calculate the remainder when 83720296 is divided by 281.
280
What is the remainder when 756035 is divided by 5473?
761
What is the remainder when 38866825 is divided by 5135?
10
Calculate the remainder when 8543868 is divided by 60.
48
What is the remainder when 12077641 is divided by 55402?
5
Calculate the remainder when 6854 is divided by 6746.
108
Calculate the remainder when 2675069 is divided by 1337407.
255
What is the remainder when 6489784 is divided by 167?
164
Calculate the remainder when 19170377 is divided by 67.
2
Calculate the remainder when 113382 is divided by 5595.
1482
Calculate the remainder when 24135 is divided by 1410.
165
What is the remainder when 13463080 is divided by 180?
160
Calculate the remainder when 1176617 is divided by 108.
65
What is the remainder when 3374996 is divided by 281249?
8
Calculate the remainder when 682463 is divided by 682371.
92
Calculate the remainder when 279020 is divided by 77.
49
What is the remainder when 1753686 is divided by 40?
6
What is the remainder when 41701 is divided by 1661?
176
Calculate the remainder when 1299698 is divided by 2443.
22
What is the remainder when 12518518 is divided by 2914?
2888
Calculate the remainder when 57342077 is divided by 11662.
23
Calculate the remainder when 7988912 is divided by 1597758.
122
What is the remainder when 172110 is divided by 2100?
2010
Calculate the remainder when 195735 is divided by 990.
705
Calculate the remainder when 1797688 is divided by 74.
6
What is the remainder when 2497711 is divided by 702?
697
Calculate the remainder when 5726115 is divided by 528.
483
Calculate the remainder when 414092 is divided by 206238.
1616
Calculate the remainder when 140026481 is divided by 46.
43
What is the remainder when 2011281 is divided by 54?
51
Calculate the remainder when 67218 is divided by 66135.
1083
Calculate the remainder when 194095 is divided by 11380.
635
Calculate the remainder when 31335069 is divided by 533.
532
What is the remainder when 16447 is divided by 3712?
1599
What is the remainder when 387380916 is divided by 166?
162
Calculate the remainder when 155004 is divided by 7036.
212
What is the remainder when 732899 is divided by 230?
119
Calculate the remainder when 60193116 is divided by 8194.
8186
Calculate the remainder when 1796814 is divided by 56.
54
Calculate the remainder when 1154840 is divided by 144354.
8
What is the remainder when 24879967 is divided by 12439979?
9
What is the remainder when 30644490 is divided by 766112?
10
Calculate the remainder when 50423752 is divided by 2655.
2647
What is the remainder when 9836164 is divided by 12113?
408
What is the remainder when 40901011 is divided by 469?
459
Calculate the remainder when 128317 is divided by 1311.
1150
What is the remainder when 13110820 is divided by 325?
320
What is the remainder when 6045548 is divided by 3022756?
36
What is the remainder when 5661375 is divided by 707671?
7
Calculate the remainder when 607286 is divided by 1042.
842
What is the remainder when 548298 is divided by 34267?
26
What is the remainder when 292612 is divided by 57940?
2912
What is the remainder when 2254550 is divided by 44?
34
Calculate the remainder when 1243760 is divided by 6546.
20
Calculate the remainder when 1454675 is divided by 363666.
11
What is the remainder when 4058436 is divided by 3247?
2933
What is the remainder when 613652 is divided by 119?
88
What is the remainder when 271821522 is divided by 13?
11
Calculate the remainder when 125767429 is divided by 74.
63
What is the remainder when 157118 is divided by 242?
60
What is the remainder when 6014490 is divided by 261494?
128
What is the remainder when 5848249 is divided by 820?
9
What is the remainder when 19869 is divided by 3957?
84
What is the remainder when 40752 is divided by 1537?
790
What is the remainder when 34504661 is divided by 5105?
5071
Calculate the remainder when 5238071 is divided by 28.
27
Calculate the remainder when 2580739 is divided by 1290364.
11
What is the remainder when 47523 is divided by 2378?
2341
Calculate the remainder when 39318 is divided by 12877.
687
What is the remainder when 238352148 is divided by 16094?
8
What is the remainder when 1666484 is divided by 14004?
8
Calculate the remainder when 24058929 is divided by 392.
321
What is the remainder when 22717 is divided by 5659?
81
What is the remainder when 114509 is divided by 6555?
3074
What is the remainder when 37055 is divided by 18428?
199
What is the remainder when 19360 is divided by 372?
16
Calculate the remainder when 650172 is divided by 828.
192
Calculate the remainder when 19600452 is divided by 107.
85
What is the remainder when 4082019 is divided by 453500?
519
Calculate the remainder when 22023696 is divided by 7341226.
18
Calculate the remainder when 603155 is divided by 4345.
3545
What is the remainder when 31911606 is divided by 350?
6
What is the remainder when 2446426 is divided by 86?
70
What is the remainder when 3817615 is divided by 872?
871
Calculate the remainder when 57279 is divided by 840.
159
What is the remainder when 353803 is divided by 126?
121
Calculate the remainder when 230258 is divided by 2325.
83
Calculate the remainder when 4535973 is divided by 1511940.
153
Calculate the remainder when 2336396 is divided by 33.
29
Calculate the remainder when 2819255 is divided by 37.
3
Calculate the remainder when 295551421 is divided by 38.
37
What is the remainder when 1332356 is divided by 114?
38
Calculate the remainder when 5885607 is divided by 2796.
27
Calculate the remainder when 360310 is divided by 7828.
222
What is the remainder when 1805260 is divided by 128809?
1934
What is the remainder when 11210675 is divided by 177?
26
What is the remainder when 185666 is divided by 20498?
1184
Calculate the remainder when 1774995 is divided by 591658.
21
What is the remainder when 8536470 is divided by 125536?
22
What is the remainder when 7255096 is divided by 27?
7
Calculate the remainder when 49482521 is divided by 14397.
32
What is the remainder when 7578332 is divided by 305?
302
Calculate the remainder when 144048 is divided by 10151.
1934
Calculate the remainder when 32741 is divided by 5938.
3051
What is the remainder when 201090 is divided by 1263?
273
Calculate the remainder when 495518 is divided by 86.
72
Calculate the remainder when 390675 is divided by 48315.
4155
Calculate the remainder when 31154 is divided by 2533.
758
Calculate the remainder when 2754061 is divided by 14196.
37
Calculate the remainder when 133499593 is divided by 277.
274
What is the remainder when 243544 is divided by 45?
4
What is the remainder when 131860 is divided by 137?
66
Calculate the remainder when 94